at is the tens digit of 11865?
6
What is the hundreds digit of 870?
8
What is the thousands digit of 27241?
7
What is the tens digit of 821?
2
What is the tens digit of 23?
2
What is the ten thousands digit of 30107?
3
What is the ten thousands digit of 60590?
6
What is the tens digit of 2457?
5
What is the hundreds digit of 70131?
1
What is the units digit of 1214?
4
What is the units digit of 6760?
0
What is the tens digit of 32545?
4
What is the tens digit of 285?
8
What is the hundreds digit of 1914?
9
What is the ten thousands digit of 91820?
9
What is the tens digit of 1831?
3
What is the tens digit of 1966?
6
What is the units digit of 10471?
1
What is the thousands digit of 2190?
2
What is the tens digit of 40?
4
What is the tens digit of 21901?
0
What is the tens digit of 9130?
3
What is the units digit of 5367?
7
What is the thousands digit of 5760?
5
What is the tens digit of 12433?
3
What is the thousands digit of 14392?
4
What is the units digit of 45657?
7
What is the units digit of 135?
5
What is the hundreds digit of 17959?
9
What is the tens digit of 63473?
7
What is the units digit of 746?
6
What is the hundreds digit of 44553?
5
What is the units digit of 22488?
8
What is the tens digit of 1629?
2
What is the ten thousands digit of 91867?
9
What is the thousands digit of 1623?
1
What is the units digit of 70035?
5
What is the thousands digit of 1033?
1
What is the hundreds digit of 5763?
7
What is the thousands digit of 129826?
9
What is the units digit of 1903?
3
What is the hundreds digit of 128?
1
What is the hundreds digit of 230?
2
What is the units digit of 1101?
1
What is the thousands digit of 2754?
2
What is the tens digit of 6892?
9
What is the thousands digit of 1258?
1
What is the tens digit of 633?
3
What is the thousands digit of 45082?
5
What is the thousands digit of 2453?
2
What is the hundreds digit of 7005?
0
What is the units digit of 12258?
8
What is the tens digit of 44575?
7
What is the hundreds digit of 919?
9
What is the units digit of 21089?
9
What is the units digit of 4875?
5
What is the units digit of 1024?
4
What is the hundreds digit of 6601?
6
What is the thousands digit of 7477?
7
What is the units digit of 10127?
7
What is the units digit of 10751?
1
What is the units digit of 32905?
5
What is the units digit of 1785?
5
What is the units digit of 298?
8
What is the units digit of 55006?
6
What is the hundreds digit of 6669?
6
What is the hundreds digit of 25135?
1
What is the hundreds digit of 47578?
5
What is the ten thousands digit of 121546?
2
What is the tens digit of 4508?
0
What is the tens digit of 100432?
3
What is the thousands digit of 48051?
8
What is the units digit of 2787?
7
What is the tens digit of 456?
5
What is the units digit of 1938?
8
What is the thousands digit of 2705?
2
What is the ten thousands digit of 19551?
1
What is the units digit of 3707?
7
What is the units digit of 6376?
6
What is the tens digit of 44250?
5
What is the ten thousands digit of 21152?
2
What is the tens digit of 14933?
3
What is the tens digit of 67?
6
What is the hundreds digit of 64944?
9
What is the hundreds digit of 21298?
2
What is the thousands digit of 52736?
2
What is the units digit of 91?
1
What is the tens digit of 7109?
0
What is the hundreds digit of 1794?
7
What is the hundreds digit of 11774?
7
What is the tens digit of 30663?
6
What is the hundreds digit of 1297?
2
What is the hundreds digit of 6601?
6
What is the thousands digit of 9605?
9
What is the thousands digit of 21695?
1
What is the hundreds digit of 1336?
3
What is the thousands digit of 2513?
2
What is the thousands digit of 2386?
2
What is the hundreds digit of 28913?
9
What is the hundreds digit of 7996?
9
What is the thousands digit of 2108?
2
What is the thousands digit of 6531?
6
What is the hundreds digit of 866?
8
What is the thousands digit of 1238?
1
What is the ten thousands digit of 73059?
7
What is the hundreds digit of 1509?
5
What is the thousands digit of 2349?
2
What is the tens digit of 5056?
5
What is the hundreds digit of 18133?
1
What is the tens digit of 13782?
8
What is the units digit of 141?
1
What is the thousands digit of 3605?
3
What is the ten thousands digit of 45144?
4
What is the tens digit of 955?
5
What is the tens digit of 477?
7
What is the hundreds digit of 780?
7
What is the units digit of 3181?
1
What is the units digit of 412?
2
What is the units digit of 639?
9
What is the units digit of 39458?
8
What is the units digit of 7?
7
What is the units digit of 17982?
2
What is the tens digit of 24490?
9
What is the tens digit of 34202?
0
What is the units digit of 157?
7
What is the tens digit of 1820?
2
What is the thousands digit of 4605?
4
What is the thousands digit of 62739?
2
What is the thousands digit of 9950?
9
What is the tens digit of 918?
1
What is the tens digit of 566?
6
What is the tens digit of 7892?
9
What is the units digit of 12749?
9
What is the tens digit of 2353?
5
What is the hundreds digit of 76963?
9
What is the hundreds digit of 733?
7
What is the units digit of 71722?
2
What is the tens digit of 435?
3
What is the hundreds digit of 20694?
6
What is the tens digit of 9684?
8
What is the thousands digit of 3737?
3
What is the ten thousands digit of 60074?
6
What is the thousands digit of 7456?
7
What is the thousands digit of 1407?
1
What is the units digit of 70503?
3
What is the thousands digit of 26294?
6
What is the hundreds digit of 2616?
6
What is the tens digit of 7844?
4
What is the thousands digit of 57211?
7
What is the hundreds digit of 684?
6
What is the hundreds digit of 1059?
0
What is the hundreds digit of 697?
6
What is the units digit of 1134?
4
What is the tens digit of 19288?
8
What is the tens digit of 2242?
4
What is the thousands digit of 5359?
5
What is the ten thousands digit of 16803?
1
What is the ten thousands digit of 60295?
6
What is the tens digit of 21202?
0
What is the hundreds digit of 5308?
3
What is the tens digit of 24133?
3
What is the tens digit of 2327?
2
What is the thousands digit of 3639?
3
What is the hundreds digit of 336?
3
What is the tens digit of 151458?
5
What is the ten thousands digit of 65591?
6
What is the thousands digit of 9152?
9
What is the units digit of 20717?
7
What is the hundreds digit of 2167?
1
What is the units digit of 44870?
0
What is the units digit of 309?
9
What is the hundreds digit of 1908?
9
What is the hundreds digit of 22609?
6
What is the tens digit of 3617?
1
What is the tens digit of 3105?
0
What is the units digit of 49703?
3
What is the hundreds digit of 908?
9
What is the thousands digit of 21144?
1
What is the thousands digit of 22533?
2
What is the ten thousands digit of 57576?
5
What is the units digit of 143827?
7
What is the tens digit of 3647?
4
What is the hundreds digit of 4554?
5
What is the tens digit of 2455?
5
What is the hundreds digit of 2737?
7
What is the hundreds digit of 2963?
9
What is the ten thousands digit of 57829?
5
What is the hundreds digit of 114970?
9
What is the tens digit of 21416?
1
What is the hundreds digit of 110088?
0
What is the ten thousands digit of 12854?
1
What is the thousands digit of 1818?
1
What is the units digit of 266?
6
What is the ten thousands digit of 36141?
3
What is the units digit of 16391?
1
What is the hundreds digit of 115658?
6
What is the tens digit of 31922?
2
What is the tens digit of 22363?
6
What is the ten thousands digit of 91029?
9
What is the tens digit of 7407?
0
What is the units digit of 18147?
7
What is the tens digit of 6962?
6
What is the tens digit of 709?
0
What is the units digit of 3843?
3
What is the ten thousands digit of 74477?
7
What is the units digit of 5019?
9
What is the thousands digit of 2873?
2
What is the units digit of 1455?
5
What is the thousands digit of 19477?
9
What is the thousands digit of 1284?
1
What is the units digit of 805?
5
What is the units digit of 177?
7
What is the units digit of 102157?
7
What is the hundreds digit of 5411?
4
What is the tens digit of 89?
8
What is the thousands digit of 5079?
5
What is the units digit of 157688?
8
What is the tens digit of 30286?
8
What is the tens digit of 29303?
0
What is the tens digit of 4431?
3
What is the hundreds digit of 488?
4